housands digit of 133744?
3
What is the tens digit of 2516?
1
What is the tens digit of 973?
7
What is the tens digit of 429?
2
What is the hundreds digit of 4292?
2
What is the tens digit of 103439?
3
What is the thousands digit of 1578?
1
What is the hundred thousands digit of 187566?
1
What is the hundreds digit of 1391?
3
What is the hundreds digit of 16163?
1
What is the hundreds digit of 64796?
7
What is the tens digit of 21474?
7
What is the hundreds digit of 3189?
1
What is the tens digit of 21820?
2
What is the thousands digit of 1611?
1
What is the tens digit of 13185?
8
What is the tens digit of 338?
3
What is the tens digit of 6827?
2
What is the hundreds digit of 2371?
3
What is the thousands digit of 9587?
9
What is the thousands digit of 22410?
2
What is the units digit of 19712?
2
What is the tens digit of 1211?
1
What is the tens digit of 963?
6
What is the tens digit of 3096?
9
What is the thousands digit of 19251?
9
What is the tens digit of 905?
0
What is the units digit of 781?
1
What is the units digit of 5401?
1
What is the units digit of 1922?
2
What is the thousands digit of 3171?
3
What is the units digit of 56569?
9
What is the hundreds digit of 640?
6
What is the units digit of 181?
1
What is the units digit of 6800?
0
What is the units digit of 982?
2
What is the hundreds digit of 2701?
7
What is the units digit of 12426?
6
What is the hundreds digit of 1381?
3
What is the hundreds digit of 1742?
7
What is the thousands digit of 25451?
5
What is the thousands digit of 2643?
2
What is the thousands digit of 79417?
9
What is the hundreds digit of 845?
8
What is the tens digit of 4695?
9
What is the units digit of 151?
1
What is the tens digit of 976?
7
What is the hundreds digit of 18743?
7
What is the hundreds digit of 1905?
9
What is the tens digit of 4447?
4
What is the thousands digit of 28509?
8
What is the units digit of 133828?
8
What is the thousands digit of 2551?
2
What is the hundreds digit of 5256?
2
What is the thousands digit of 2908?
2
What is the hundreds digit of 5093?
0
What is the units digit of 4409?
9
What is the units digit of 2489?
9
What is the tens digit of 481?
8
What is the hundreds digit of 1049?
0
What is the tens digit of 196?
9
What is the ten thousands digit of 95263?
9
What is the hundreds digit of 36516?
5
What is the tens digit of 63309?
0
What is the units digit of 57629?
9
What is the units digit of 28914?
4
What is the tens digit of 21812?
1
What is the units digit of 146?
6
What is the hundreds digit of 669?
6
What is the hundreds digit of 225?
2
What is the tens digit of 7191?
9
What is the hundreds digit of 2520?
5
What is the units digit of 64706?
6
What is the units digit of 13168?
8
What is the tens digit of 5765?
6
What is the hundreds digit of 11511?
5
What is the units digit of 3205?
5
What is the tens digit of 3299?
9
What is the hundreds digit of 773?
7
What is the units digit of 289?
9
What is the tens digit of 1368?
6
What is the hundreds digit of 219?
2
What is the tens digit of 44617?
1
What is the thousands digit of 15671?
5
What is the tens digit of 125266?
6
What is the thousands digit of 34640?
4
What is the units digit of 2253?
3
What is the tens digit of 259?
5
What is the thousands digit of 8141?
8
What is the tens digit of 72?
7
What is the hundreds digit of 8940?
9
What is the hundreds digit of 7026?
0
What is the units digit of 3648?
8
What is the units digit of 1156?
6
What is the tens digit of 986?
8
What is the units digit of 5405?
5
What is the thousands digit of 1673?
1
What is the hundreds digit of 18221?
2
What is the hundreds digit of 9144?
1
What is the thousands digit of 13581?
3
What is the thousands digit of 7017?
7
What is the thousands digit of 35591?
5
What is the hundreds digit of 39361?
3
What is the hundreds digit of 1335?
3
What is the units digit of 190?
0
What is the tens digit of 55822?
2
What is the thousands digit of 14480?
4
What is the ten thousands digit of 62080?
6
What is the tens digit of 1659?
5
What is the hundreds digit of 1827?
8
What is the units digit of 2578?
8
What is the hundreds digit of 1834?
8
What is the hundreds digit of 5772?
7
What is the units digit of 1413?
3
What is the hundreds digit of 2463?
4
What is the tens digit of 11121?
2
What is the tens digit of 362?
6
What is the hundreds digit of 13289?
2
What is the tens digit of 69381?
8
What is the tens digit of 170?
7
What is the hundreds digit of 6555?
5
What is the hundreds digit of 552?
5
What is the tens digit of 978?
7
What is the units digit of 365?
5
What is the tens digit of 18?
1
What is the hundreds digit of 64378?
3
What is the units digit of 98?
8
What is the units digit of 696?
6
What is the ten thousands digit of 26412?
2
What is the thousands digit of 5681?
5
What is the thousands digit of 62349?
2
What is the units digit of 3322?
2
What is the hundreds digit of 1282?
2
What is the thousands digit of 9727?
9
What is the tens digit of 92029?
2
What is the tens digit of 64230?
3
What is the units digit of 206?
6
What is the thousands digit of 1553?
1
What is the hundreds digit of 2010?
0
What is the thousands digit of 40849?
0
What is the thousands digit of 3758?
3
What is the tens digit of 10628?
2
What is the thousands digit of 14196?
4
What is the tens digit of 64?
6
What is the tens digit of 1984?
8
What is the hundreds digit of 16014?
0
What is the tens digit of 381?
8
What is the units digit of 36105?
5
What is the thousands digit of 2236?
2
What is the tens digit of 6800?
0
What is the thousands digit of 44453?
4
What is the units digit of 519?
9
What is the tens digit of 292?
9
What is the hundreds digit of 19344?
3
What is the units digit of 7904?
4
What is the tens digit of 1602?
0
What is the units digit of 1733?
3
What is the ten thousands digit of 37652?
3
What is the tens digit of 3618?
1
What is the units digit of 63?
3
What is the units digit of 4?
4
What is the ten thousands digit of 80527?
8
What is the units digit of 78342?
2
What is the hundreds digit of 7559?
5
What is the ten thousands digit of 28695?
2
What is the units digit of 28?
8
What is the thousands digit of 6996?
6
What is the hundreds digit of 1429?
4
What is the ten thousands digit of 71009?
7
What is the units digit of 33055?
5
What is the tens digit of 369?
6
What is the hundreds digit of 665?
6
What is the thousands digit of 3495?
3
What is the hundreds digit of 10842?
8
What is the tens digit of 6628?
2
What is the thousands digit of 4300?
4
What is the tens digit of 3758?
5
What is the units digit of 2959?
9
What is the tens digit of 301?
0
What is the hundreds digit of 1261?
2
What is the hundreds digit of 4278?
2
What is the tens digit of 7196?
9
What is the units digit of 1696?
6
What is the hundreds digit of 14320?
3
What is the hundreds digit of 1655?
6
What is the units digit of 1337?
7
What is the hundreds digit of 3052?
0
What is the thousands digit of 5701?
5
What is the thousands digit of 3293?
3
What is the units digit of 6741?
1
What is the units digit of 29380?
0
What is the hundreds digit of 2758?
7
What is the units digit of 5785?
5
What is the thousands digit of 29531?
9
What is the hundreds digit of 3610?
6
What is the units digit of 98071?
1
What is the tens digit of 2485?
8
What is the thousands digit of 8016?
8
What is the units digit of 1608?
8
What is the tens digit of 26896?
9
What is the hundreds digit of 370?
3
What is the units digit of 31536?
6
What is the hundreds digit of 2102?
1
What is the thousands digit of 4257?
4
What is the tens digit of 2551?
5
What is the thousands digit of 18085?
8
What is the hundreds digit of 44044?
0
What is the thousands digit of 1278?
1
What is the hundreds digit of 428?
4
What is the units digit of 724?
4
What is the ten thousands digit of 28580?
2
What is the units digit of 2508?
8
What is the thousands digit of 17354?
7
What is the tens digit of 1806?
0
What is the hundreds digit of 162049?
0
What is the thousands digit of 25529?
5
What is the thousands digit of 4762?
4
What is the thousands digit of 77271?
7
What is the hundreds digit of 159?
1
What is the thousands digit of 4790?
4
What is the units digit of 29870?
0
What is the units digit of 4583?
3
What is the hundreds digit of 837?
8
W